pose 0*l - 9 = -3*l. Suppose l*j = 3*w - 6, 0 = 2*j + 3*j. Suppose 3*v - 42 + 12 = -2*i, v = w*i + 2. List the prime factors of v.
2
Let f(z) = 10*z + 2. Let j be f(3). Suppose 5*v - v = j. What are the prime factors of v?
2
Let r(j) = j**2 - 3. Let x be (1/2)/((-1)/2). Let c(f) = 2*f**2 - f. Let u be c(x). List the prime factors of r(u).
2, 3
Suppose -8*s + 3*s + 34 = 4*h, -20 = -2*h - 4*s. Let j = 8 - h. Suppose -j*i - 3*i + 35 = 0. List the prime factors of i.
7
Suppose -21 - 191 = -4*q. What are the prime factors of q?
53
Suppose 0*s + 2*s + c - 10 = 0, -3*c = s - 10. Let i be (-2)/8 + (-3)/s. What are the prime factors of 7*((-1 - i) + 1)?
7
Let p(u) = 5*u - 37. List the prime factors of p(8).
3
Suppose -4*p = -9*p. Let n = 9 - p. What are the prime factors of n?
3
Let s = -1 - 9. List the prime factors of s/(-4) - 3/6.
2
List the prime factors of 184/16 - (-1 + 3/2).
11
Suppose z - 23 = -5*c, -3*c = -3*z + z - 6. Suppose 2*s - 7*s + 130 = 5*a, -69 = -c*a + 3*s. List the prime factors of a.
3, 7
Suppose 2*k + 16 = 6*k. Let i(l) = 10*l + 6. List the prime factors of i(k).
2, 23
Let m = 3 + 19. Suppose -4*h = -118 + m. List the prime factors of h.
2, 3
Let t be 6/(-4)*12/(-9). Let u be (-8 + t)/(2/9). Let n = u + 38. What are the prime factors of n?
11
Let p = 133 + 73. What are the prime factors of p?
2, 103
Let o = 1 + 2. Let q(s) = s - 1. Let n be q(o). What are the prime factors of (n/5)/((-2)/(-50))?
2, 5
Let c be (9/(-6))/1*-6. What are the prime factors of ((-1)/3)/(c/(-837))?
31
Suppose 0*t = -4*t + 48. Let m = -8 + t. What are the prime factors of m?
2
Suppose 5*t = 5*b, 0 = 2*b + 2*b. Suppose t = -3*r + 13 - 4. Suppose 0 = -4*h + 8, v - r*v + 4*h = -8. What are the prime factors of v?
2
Let f(u) = 9*u**2 - 1. Let k be f(-1). Suppose 3*j - k = j. Let y(b) = -b**3 + 6*b**2 - 5*b - 3. What are the prime factors of y(j)?
3
Suppose 6*x - 204 = 3*x. List the prime factors of x*((-14)/(-4) + -3).
2, 17
Suppose -23*t + 25*t = 122. What are the prime factors of t?
61
Let w be 6/15 + (-684)/(-15). Let m = w - 25. List the prime factors of m.
3, 7
Let w(x) = 1 - x**2 - 7*x + 0*x**2 + 0*x. What are the prime factors of w(-6)?
7
Let x be 2*2/4*-15. Suppose -4*v = -3*v + 11. Let l = v - x. What are the prime factors of l?
2
Suppose -2*w = -5*w. Suppose -5*d + w*d + 187 = 3*m, 3*m = d + 157. What are the prime factors of m?
2, 3
Let u be ((-2)/(-4))/(1/12). Let p = u - 8. What are the prime factors of 3*15/(-9)*p?
2, 5
What are the prime factors of 84/9*126/24?
7
Let t(v) = -2*v**3 + v**2 + 2*v - 10. What are the prime factors of t(-4)?
2, 3, 7
Let w = 93 - -1. List the prime factors of w.
2, 47
Suppose 8*s = 3*s. What are the prime factors of -11*(-1 - s/3)?
11
Let s(j) = j**2 + j + 5. Suppose 2*w - 3*w = 0. Let d = 0 - w. What are the prime factors of s(d)?
5
Let r(k) = k**2 - 12*k + 2. Let a be r(12). List the prime factors of (-2)/(36/20 - a).
2, 5
Suppose r = -5, 2*r - 2 = j - 12. What are the prime factors of 33 + j + -3 + 1?
31
Let d be 1 + 0/(9/3). List the prime factors of ((-6)/7)/(d/(-21)).
2, 3
Let b(s) = -3*s + 1. Let p be b(2). Let a = 9 + p. List the prime factors of (10 - a)/(4/10).
3, 5
Let s(c) be the third derivative of -11*c**6/60 - c**5/60 + 7*c**2. List the prime factors of s(-1).
3, 7
Let u be (-6)/(-30) + 42/15. List the prime factors of (-8 - -11)/(u/23).
23
Suppose 5*p + 7 = -38. What are the prime factors of (-2)/((-2)/(-1))*p?
3
Let c(b) = -b**3 + 5. Let g be c(0). Suppose 4*w + j = 73 - 334, 39 = -w + g*j. What are the prime factors of 4/6 - w/12?
2, 3
List the prime factors of 955/15*(-12)/(-4).
191
Let y(x) = -11*x + 1. Let m be y(-1). Let g be m/2 - (5 + -4). Suppose 0*s - g*n = s - 21, 0 = -s + 2*n. What are the prime factors of s?
2, 3
Suppose -4*u + 102 = -u. Suppose u = m - 3*l, 3*m - 48 - 64 = -l. List the prime factors of m.
37
Let s(n) = -n - 1. Let f(j) = 6*j + 8. Let z(q) = f(q) + 8*s(q). Let h be z(-2). Suppose t = -t + h. List the prime factors of t.
2
Let s(y) = -4*y**3 + y. Let h be s(-1). Suppose -h*p - p = -32. List the prime factors of p.
2
Suppose -3*s - 13 = -5*s - 3*d, 0 = s - 4*d + 10. Let k be 6/s*14/(-3). List the prime factors of (-66)/k - (-2)/7.
5
Let t be 62/(-6) - 6/9. Suppose -39 = 5*i - 3*q, 4*i = 3*q + q - 36. Let v = i - t. List the prime factors of v.
5
Suppose 0 = 4*v + v - 45. List the prime factors of v.
3
Suppose 3*z + 2*m - 23 = 3*m, 5*m + 25 = 0. Let k(y) = y**3 - 7*y**2 + 6*y + 6. List the prime factors of k(z).
2, 3
List the prime factors of (1476/10 - 1) + (-2)/(-5).
3, 7
Suppose -17 + 5 = -4*z, 126 = a + z. What are the prime factors of a?
3, 41
Suppose 0*m + 12 = 3*m. Suppose o - 5 = m. List the prime factors of o.
3
Suppose 5*b - 39 = 4*o + 17, -b + 3*o + 9 = 0. Suppose 7*m - b*m = -170. List the prime factors of m.
2, 17
What are the prime factors of (8/4 - -9)*(0 + 11)?
11
List the prime factors of (-3 - -4 - 2)*(3 - 100).
97
Suppose -m + 6 = 2*m. Suppose f = -m*f + 30. Suppose -2*u + 7*u - f = -4*i, i - u - 7 = 0. What are the prime factors of i?
5
Let l(n) = n**3 + 3*n**2 + 2*n + 4. List the prime factors of l(4).
2, 31
Let y(b) = 4*b**2 + b - 1. Let x be (-2 + 5)*3 - 2. Suppose -2*g - x*w + 11 = -4*w, 4*g - w - 1 = 0. List the prime factors of y(g).
2
Suppose 5*d = d - 84. Let a = -18 - d. What are the prime factors of a?
3
Let d(o) = o**2 - 4*o + 38. List the prime factors of d(10).
2, 7
Let b = -11 - -18. Let c = 53 - b. What are the prime factors of c?
2, 23
Let q(r) = -12*r - 3 - 2 + 2 - r**2. List the prime factors of q(-8).
29
Let u(x) = -x**3 + 4*x**2 + 3*x - 4. Let z be u(4). Let p = z + -3. What are the prime factors of p?
5
Suppose 2*x - 76 = 68. Suppose 49 = 4*h + 2*y - 49, 3*y = -3*h + x. What are the prime factors of h?
5
Let z be 17/4 - (-2)/(-8). Suppose -5*w - 135 = z*r, w - 3*r = -w - 54. Let h = w + 39. List the prime factors of h.
2, 3
Let p = 23 + 17. What are the prime factors of p?
2, 5
Let k(d) = d**2 + 5*d - 4. Let y be k(-6). Suppose 5*g - y*g = 51. List the prime factors of g.
17
Suppose -5*p = -2*j + 51, -4*p = 3*j + 1 - 20. List the prime factors of j.
13
Suppose -w - 2*l + 35 = 0, 4*w + 4*l = 90 + 50. List the prime factors of w.
5, 7
Let m(k) = -k + 15. Suppose 15 = -3*a - 3. What are the prime factors of m(a)?
3, 7
Suppose 0*l - 4*u = -l + 19, -4*u - 31 = -5*l. What are the prime factors of l/(-3*(-3)/60)?
2, 5
Let f = 87 + 125. What are the prime factors of f?
2, 53
Suppose -15 = -6*l + l. Suppose -80 = -7*g + l*g. Let k = g + -9. List the prime factors of k.
11
What are the prime factors of (-38)/3*120/(-16)?
5, 19
Let k be 2/(-2)*-4 + -1. Suppose k*n - 4*i - 138 = -i, 0 = i + 5. List the prime factors of n.
41
Suppose -5*t + 15 = -2*f, 2*t + 3*f - 2 - 4 = 0. Suppose t*s = -6, 3*s + s = -2*v. Suppose -8 - 8 = -v*c. What are the prime factors of c?
2
Let t = 6 - 6. Suppose t*z - 4*z = -28. List the prime factors of z.
7
Let x(w) = w**2 - 8*w + 10. Let z(d) = d + 2. Let p be z(5). Let q be x(p). Suppose o = -t - 0*t + q, 0 = 3*t. List the prime factors of o.
3
What are the prime factors of (138/(-7))/(1/7*-1)?
2, 3, 23
Let d(j) = j**3 - 17*j**2 - 19*j + 24. Let v be d(18). Let p = 48 + -112. List the prime factors of p/v*3/(-2).
2
Suppose 11 = 3*z - 2*o, 4*z - o - 18 = -0*o. Let c be 26/(2 + -2 + -1). What are the prime factors of ((-15)/z)/(6/c)?
13
Let a(i) = -i + 9. List the prime factors of a(-5).
2, 7
Suppose 37 = 5*d - 73. What are the prime factors of d?
2, 11
Suppose 0 = -2*p + 10*p - 480. List the prime factors of p.
2, 3, 5
Let s(y) = 16*y**2 + 2*y + 1. Suppose -3*f - 1 = 2. Let p be 2/f*4/8. What are the prime factors of s(p)?
3, 5
Let q(y) be the second derivative of y**3/6 + y**2 + y. Let x be q(-1). Suppose 0 = 4*f - 4*l - 40, 9 - x = 2*f + 4*l. What are the prime factors of f?
2
Suppose 47 = 3*b - 10. What are the prime factors of b?
19
Let n(g) = -g**2 + g - 7. Let f be n(0). Let d = -4 - f. Suppose k + d*z = -0*k + 6, -5*k = 5*z - 50. What are the prime factors of k?
2, 3
Let r = -21 - -71. Suppose -3*o + r = -o. List the prime factors of o.
5
Let v = 6 - 2. Suppose -68 = -2*j - 4*x, -5*j - v*x + 3*x = -170. Suppose y = -y + j. List the prime factors of y.
17
Let b(l) = -l**2 - 6*l + 4. Let n be b(-6). Let m be 5/